{"id":12,"date":"2013-06-19T16:49:35","date_gmt":"2013-06-19T15:49:35","guid":{"rendered":"http:\/\/www.ipsofactoservices.fr\/?page_id=12"},"modified":"2013-06-25T19:37:55","modified_gmt":"2013-06-25T18:37:55","slug":"nos-missions","status":"publish","type":"page","link":"https:\/\/www.ipsofactoservices.fr\/?page_id=12","title":{"rendered":"Nos missions"},"content":{"rendered":"<p style=\"text-align: justify;\"><span style=\"line-height: 1.714285714; font-size: 1rem;\"><img loading=\"lazy\" class=\"alignright size-full wp-image-93\" style=\"border: 0px none;\" alt=\"\" src=\"http:\/\/www.ipsofactoservices.fr\/wp-content\/uploads\/2013\/06\/Image-salaire.jpg\" width=\"200\" height=\"444\" srcset=\"https:\/\/www.ipsofactoservices.fr\/wp-content\/uploads\/2013\/06\/Image-salaire.jpg 200w, https:\/\/www.ipsofactoservices.fr\/wp-content\/uploads\/2013\/06\/Image-salaire-135x300.jpg 135w\" sizes=\"(max-width: 200px) 100vw, 200px\" \/>Quel que soit votre besoin, Ipso Facto vous propose un service adapt\u00e9 afin d\u2019optimiser votre comptabilit\u00e9 ainsi qu\u2019un accompagnement depuis la cr\u00e9ation de votre activit\u00e9 jusqu\u2019\u00e0 son d\u00e9veloppement.<\/span><\/p>\n<p><span style=\"color: #ff6600;\"><strong><span style=\"text-decoration: underline; line-height: 1.714285714; font-size: 1rem;\">Missions comptables et fiscales<\/span><\/strong><\/span><\/p>\n<ul>\n<li>Tenue comptable<\/li>\n<li>Elaboration de comptes annuels<\/li>\n<li>Surveillance de comptes<\/li>\n<li>D\u00e9clarations TVA<\/li>\n<li>D\u00e9clarations fiscales<\/li>\n<\/ul>\n<p><strong><span style=\"text-decoration: underline; color: #ff6600;\">Missions sociales<\/span><\/strong><\/p>\n<ul>\n<li>Etablissement de formalit\u00e9s d\u2019embauche<\/li>\n<li>Elaboration de bulletins de salaire<\/li>\n<li>Etablissement des d\u00e9clarations aux diff\u00e9rents organismes sociaux<\/li>\n<\/ul>\n<p><strong><span style=\"text-decoration: underline; color: #ff6600;\">Missions juridiques, cr\u00e9ation et gestion d \u2018entreprise<\/span><\/strong><\/p>\n<ul>\n<li>Conseil sur le choix de la structure juridique adapt\u00e9e<\/li>\n<li>R\u00e9daction d\u2019actes juridiques<\/li>\n<li>Accomplissement des formalit\u00e9s de cr\u00e9ation d\u2019entreprise<\/li>\n<li>R\u00e9alisation de documents pr\u00e9visionnels<\/li>\n<li>Elaboration de situations comptables interm\u00e9diaires<\/li>\n<\/ul>\n","protected":false},"excerpt":{"rendered":"<p>Quel que soit votre besoin, Ipso Facto vous propose un service adapt\u00e9 afin d\u2019optimiser votre comptabilit\u00e9 ainsi qu\u2019un accompagnement depuis la cr\u00e9ation de votre activit\u00e9 jusqu\u2019\u00e0 son d\u00e9veloppement. Missions comptables et fiscales Tenue comptable Elaboration de comptes annuels Surveillance de comptes D\u00e9clarations TVA D\u00e9clarations fiscales Missions sociales Etablissement de formalit\u00e9s d\u2019embauche Elaboration de bulletins de [&hellip;]<\/p>\n","protected":false},"author":1,"featured_media":0,"parent":0,"menu_order":0,"comment_status":"closed","ping_status":"open","template":"page-templates\/full-width.php","meta":[],"_links":{"self":[{"href":"https:\/\/www.ipsofactoservices.fr\/index.php?rest_route=\/wp\/v2\/pages\/12"}],"collection":[{"href":"https:\/\/www.ipsofactoservices.fr\/index.php?rest_route=\/wp\/v2\/pages"}],"about":[{"href":"https:\/\/www.ipsofactoservices.fr\/index.php?rest_route=\/wp\/v2\/types\/page"}],"author":[{"embeddable":true,"href":"https:\/\/www.ipsofactoservices.fr\/index.php?rest_route=\/wp\/v2\/users\/1"}],"replies":[{"embeddable":true,"href":"https:\/\/www.ipsofactoservices.fr\/index.php?rest_route=%2Fwp%2Fv2%2Fcomments&post=12"}],"version-history":[{"count":13,"href":"https:\/\/www.ipsofactoservices.fr\/index.php?rest_route=\/wp\/v2\/pages\/12\/revisions"}],"predecessor-version":[{"id":34,"href":"https:\/\/www.ipsofactoservices.fr\/index.php?rest_route=\/wp\/v2\/pages\/12\/revisions\/34"}],"wp:attachment":[{"href":"https:\/\/www.ipsofactoservices.fr\/index.php?rest_route=%2Fwp%2Fv2%2Fmedia&parent=12"}],"curies":[{"name":"wp","href":"https:\/\/api.w.org\/{rel}","templated":true}]}}